{"id":141,"date":"2025-05-05T08:19:08","date_gmt":"2025-05-05T08:19:08","guid":{"rendered":"https:\/\/cripen.dj\/?page_id=141"},"modified":"2025-08-03T08:21:26","modified_gmt":"2025-08-03T08:21:26","slug":"la-direction-generale","status":"publish","type":"page","link":"https:\/\/cripen.dj\/index.php\/la-direction-generale\/","title":{"rendered":"Direction G\u00e9n\u00e9rale"},"content":{"rendered":"\t\t<div data-elementor-type=\"wp-page\" data-elementor-id=\"141\" class=\"elementor elementor-141\" data-elementor-post-type=\"page\">\n\t\t\t\t<div class=\"elementor-element elementor-element-a045d4c e-flex e-con-boxed e-con e-parent\" data-id=\"a045d4c\" data-element_type=\"container\" data-e-type=\"container\">\n\t\t\t\t\t<div class=\"e-con-inner\">\n\t\t<div class=\"elementor-element elementor-element-0894aa0 e-con-full e-flex e-con e-child\" data-id=\"0894aa0\" data-element_type=\"container\" data-e-type=\"container\">\n\t\t\t\t<div class=\"elementor-element elementor-element-46aecf09 elementor-widget elementor-widget-image\" data-id=\"46aecf09\" data-element_type=\"widget\" data-e-type=\"widget\" data-widget_type=\"image.default\">\n\t\t\t\t<div class=\"elementor-widget-container\">\n\t\t\t\t\t\t\t\t\t\t\t\t\t\t\t<img fetchpriority=\"high\" decoding=\"async\" width=\"1024\" height=\"683\" src=\"https:\/\/cripen.dj\/wp-content\/uploads\/2025\/07\/0M0A9458-1024x683.jpg\" class=\"attachment-large size-large wp-image-1233\" alt=\"\" srcset=\"https:\/\/cripen.dj\/wp-content\/uploads\/2025\/07\/0M0A9458-1024x683.jpg 1024w, https:\/\/cripen.dj\/wp-content\/uploads\/2025\/07\/0M0A9458-300x200.jpg 300w, https:\/\/cripen.dj\/wp-content\/uploads\/2025\/07\/0M0A9458-768x512.jpg 768w, https:\/\/cripen.dj\/wp-content\/uploads\/2025\/07\/0M0A9458-1536x1024.jpg 1536w, https:\/\/cripen.dj\/wp-content\/uploads\/2025\/07\/0M0A9458-2048x1365.jpg 2048w\" sizes=\"(max-width: 1024px) 100vw, 1024px\" \/>\t\t\t\t\t\t\t\t\t\t\t\t\t\t\t<\/div>\n\t\t\t\t<\/div>\n\t\t\t\t<\/div>\n\t\t<div class=\"elementor-element elementor-element-30c6073 e-con-full e-flex e-con e-child\" data-id=\"30c6073\" data-element_type=\"container\" data-e-type=\"container\">\n\t\t\t\t<div class=\"elementor-element elementor-element-3aaeffa elementor-widget elementor-widget-heading\" data-id=\"3aaeffa\" data-element_type=\"widget\" data-e-type=\"widget\" data-widget_type=\"heading.default\">\n\t\t\t\t<div class=\"elementor-widget-container\">\n\t\t\t\t\t<h5 class=\"elementor-heading-title elementor-size-default\">Directrice G\u00e9n\u00e9rale, Mme RODA MAHAMOUD<\/h5>\t\t\t\t<\/div>\n\t\t\t\t<\/div>\n\t\t\t\t<div class=\"elementor-element elementor-element-acac9f4 elementor-widget elementor-widget-text-editor\" data-id=\"acac9f4\" data-element_type=\"widget\" data-e-type=\"widget\" data-widget_type=\"text-editor.default\">\n\t\t\t\t<div class=\"elementor-widget-container\">\n\t\t\t\t\t\t\t\t\t<ul><li>pr\u00e9pare et ex\u00e9cute les d\u00e9lib\u00e9rations du conseil d\u2019administration<\/li><li>repr\u00e9sente le CRIPEN \u00e0 l\u2019\u00e9gard des tiers et signe tous les actes engageant l\u2019\u00e9tablissement sous r\u00e9serve des dispositions de l\u2019article 8 du pr\u00e9sent d\u00e9cret<\/li><li>assure le rayonnement national et international de l\u2019\u00e9tablissement<\/li><li>soumet les d\u00e9lib\u00e9rations du conseil d\u2019administration au contr\u00f4le de tutelle dans les conditions fix\u00e9es aux articles 32 et 33 du pr\u00e9sent d\u00e9cret<\/li><li>a autorit\u00e9 sur l\u2019ensemble des personnels dans le cadre des dispositions l\u00e9gislatives et r\u00e9glementaires en vigueur<\/li><li>exerce le pouvoir de nomination et le pouvoir disciplinaire sur le personnel lorsque ces pouvoirs n\u2019ont pas \u00e9t\u00e9 confi\u00e9s \u00e0 une autre autorit\u00e9 sup\u00e9rieure<\/li><li>produit le programme annuel pr\u00e9visionnel des activit\u00e9s et le rapport annuel d\u2019ex\u00e9cution de l\u2019\u00e9tablissement<\/li><li>est ordonnateur principal des recettes et des d\u00e9penses dans le cadre des dispositions l\u00e9gislatives et r\u00e9glementaires aff\u00e9rentes \u00e0 la gestion des \u00e9tablissements publics \u00e0 caract\u00e8re scientifique, p\u00e9dagogique et technologique<\/li><li>peut, en accord avec les directeurs ou chefs de service des diff\u00e9rents ordres d\u2019enseignement, organiser des s\u00e9ances d\u2019observation et d\u2019exp\u00e9rimentation dans les \u00e9tablissements d\u2019enseignement pour les besoins de la recherche, de l\u2019\u00e9dition et de la production<\/li><li>peut d\u00e9l\u00e9guer sa signature \u00e0 ses directeurs<\/li><\/ul>\t\t\t\t\t\t\t\t<\/div>\n\t\t\t\t<\/div>\n\t\t\t\t<\/div>\n\t\t\t\t\t<\/div>\n\t\t\t\t<\/div>\n\t\t\t\t<\/div>\n\t\t","protected":false},"excerpt":{"rendered":"<p>Directrice G\u00e9n\u00e9rale, Mme RODA MAHAMOUD pr\u00e9pare et ex\u00e9cute les d\u00e9lib\u00e9rations du conseil d\u2019administration repr\u00e9sente le CRIPEN \u00e0 l\u2019\u00e9gard des tiers et signe tous les actes engageant l\u2019\u00e9tablissement sous r\u00e9serve des dispositions de l\u2019article 8 du pr\u00e9sent d\u00e9cret assure le rayonnement national et international de l\u2019\u00e9tablissement soumet les d\u00e9lib\u00e9rations du conseil d\u2019administration au contr\u00f4le de tutelle [&hellip;]<\/p>\n","protected":false},"author":3,"featured_media":0,"parent":0,"menu_order":0,"comment_status":"closed","ping_status":"closed","template":"","meta":{"saved_in_kubio":false,"footnotes":""},"class_list":["post-141","page","type-page","status-publish","hentry"],"kubio_ai_page_context":{"short_desc":"","purpose":"general"},"_links":{"self":[{"href":"https:\/\/cripen.dj\/index.php\/wp-json\/wp\/v2\/pages\/141","targetHints":{"allow":["GET"]}}],"collection":[{"href":"https:\/\/cripen.dj\/index.php\/wp-json\/wp\/v2\/pages"}],"about":[{"href":"https:\/\/cripen.dj\/index.php\/wp-json\/wp\/v2\/types\/page"}],"author":[{"embeddable":true,"href":"https:\/\/cripen.dj\/index.php\/wp-json\/wp\/v2\/users\/3"}],"replies":[{"embeddable":true,"href":"https:\/\/cripen.dj\/index.php\/wp-json\/wp\/v2\/comments?post=141"}],"version-history":[{"count":38,"href":"https:\/\/cripen.dj\/index.php\/wp-json\/wp\/v2\/pages\/141\/revisions"}],"predecessor-version":[{"id":1504,"href":"https:\/\/cripen.dj\/index.php\/wp-json\/wp\/v2\/pages\/141\/revisions\/1504"}],"wp:attachment":[{"href":"https:\/\/cripen.dj\/index.php\/wp-json\/wp\/v2\/media?parent=141"}],"curies":[{"name":"wp","href":"https:\/\/api.w.org\/{rel}","templated":true}]}}